= h + 5*m - 0*m - 9, 2*h - 4*m = 4. List the prime factors of h.
2
Let n be 2/(-7) - 90/(-21). Let r = n + -5. What are the prime factors of ((r - -3) + 13)/1?
3, 5
Suppose -218 = -3*g - 5*i, 4*i = -5*g + 2*g + 214. List the prime factors of g.
2, 3, 11
Suppose 64 = l - 5*l. List the prime factors of -1*(2 + -1)*l.
2
Let d(c) = c**3 + 6*c**2 - 6*c + 7. Suppose -4*s - 28 = -0*s. Let b be d(s). Suppose 0 = -2*o - b*o + 8. List the prime factors of o.
2
Suppose -145 = 4*h - a - 669, 3*h - 5*a - 376 = 0. List the prime factors of h.
2, 3, 11
Let w be 23 + 0*4/12. Let b be 7/(1 + (-6)/4). Let c = b + w. What are the prime factors of c?
3
Suppose -4*f = -m - 2, -3*f = -m - 6*f + 5. Let g be 4/m - (4 - 25). Suppose 17 = 5*a - g. List the prime factors of a.
2
Suppose 7*v - 507 = -10. What are the prime factors of v?
71
Let x(d) be the first derivative of d**4/4 + 8*d**3/3 + 3*d**2 - 4*d - 3. What are the prime factors of x(-7)?
3
Let p be -1 + (-1 - (-2 + 0)). Suppose p = 2*c + 2*c. Suppose -5*u - 4*o + 9 = -7, -5*u + 4*o + 24 = c. List the prime factors of u.
2
Let n be ((-36)/(-2))/(3/2). List the prime factors of n - (-2 - (-1 - -1)).
2, 7
Suppose -5*d = -0*d - 70. Let z be 4/(-1)*2/(-4). Let y = d - z. What are the prime factors of y?
2, 3
Let g = -748 - -1055. List the prime factors of g.
307
List the prime factors of 40*((-60)/(-16) + 1).
2, 5, 19
Let i = -68 + 88. List the prime factors of i.
2, 5
Let k(b) = b**2 - 7*b - 12. Suppose -4*c - 4*d + 29 = 9, -22 = -2*c + d. Let t be k(c). Let a(n) = n**2 - 6*n + 6. List the prime factors of a(t).
2, 3
Suppose -10*d + 7*d = -303. List the prime factors of d.
101
Let r be (-3)/5 - 26/(-10). Let o be (-3 - -4)*r/2. List the prime factors of o - 1/((-2)/10).
2, 3
Let c(i) be the third derivative of 0 + 1/24*i**4 - i**2 + 0*i - 1/6*i**3. List the prime factors of c(5).
2
Suppose -r = -5*r - 2*o - 82, 0 = -2*o + 6. Let d = 5 - r. List the prime factors of d.
3
Suppose -5*v - 14 + 64 = 0. List the prime factors of v.
2, 5
Let u = 26 - 18. Suppose 7 + u = 5*d. List the prime factors of d.
3
Suppose -3*d + 2*z = -390 - 433, 2*d + 5*z = 574. What are the prime factors of d?
277
Let b(d) = d**2 - d + 29. Let s be b(0). Let x = s - 13. List the prime factors of x.
2
Let f(a) = -182*a - 7. What are the prime factors of f(-1)?
5, 7
Suppose 2*t = -2*t + 20. Suppose -t = 4*l - 13. What are the prime factors of l?
2
Let r(t) = 2*t**2 - t + 8. What are the prime factors of r(-4)?
2, 11
Suppose 4 = -3*m + 16. Let q(g) = g**3 + 4*g**2 - 6*g + 1. Let w be q(-5). List the prime factors of (21/w)/(2/m).
7
Let s = 37 + -13. List the prime factors of s.
2, 3
Let g(x) be the first derivative of -x**5/60 - x**4/3 - 5*x**3/6 - x**2/2 - 2. Let c(o) be the second derivative of g(o). List the prime factors of c(-4).
11
Let r(a) = -13*a - 32. Let u(t) = 3*t + 8. Let z(q) = 2*r(q) + 9*u(q). Let i be z(-8). Let l = i + 2. List the prime factors of l.
2
Let p(j) = 2*j**2 - 3*j - 2. Let l be 16/(-24)*3*1. What are the prime factors of p(l)?
2, 3
Let o(b) = -b + 5. Let c be o(4). Suppose 5*h + 13 = -32. Let g = c - h. What are the prime factors of g?
2, 5
Let p be ((-8)/(-12))/((-2)/3). What are the prime factors of (-3)/((-188)/176 - p)?
2, 11
Let w = 3 + -2. Let p be 4 - (2/w)/2. Suppose p*a + 1 - 10 = 0. What are the prime factors of a?
3
List the prime factors of (-408)/(-28) - 3/(-7).
3, 5
Let p = -31 - -10. Let n = 31 + p. List the prime factors of n.
2, 5
Let p(q) = -q**3 + 4*q**2 - 2*q - 1. Suppose -12 + 0 = -4*k. What are the prime factors of p(k)?
2
List the prime factors of (176/28 + -2)*7.
2, 3, 5
Suppose 357 - 88 = 5*h + 3*i, h - 65 = 5*i. Let d(v) = -5*v - 5. Let y be d(-2). Suppose -5*a - h = -3*x - 0*a, 0 = y*x - 4*a - 83. List the prime factors of x.
3, 5
Let s = 1 + 2. Suppose -c - 13 = -2*d + 1, 5*c - 8 = -s*d. Let l = d + -2. List the prime factors of l.
2
What are the prime factors of 2*2*5/2?
2, 5
Let d(m) = m**3 + 2 - 2*m**2 + 0*m**2 + m**2 - 5*m. List the prime factors of d(3).
5
Suppose -3*c - 156 = c. Suppose 5*i = -3*o - 288, -o - 22 = i + 36. Let g = c - i. List the prime factors of g.
2, 3
Suppose -2*i = g + 35, 5*i - 2*g + 5*g = -90. What are the prime factors of ((-6)/i)/(1/35)?
2, 7
Suppose 3*i - i - 108 = 0. Let f = -25 + i. What are the prime factors of f?
29
Let i(w) = 218*w**2 - 2*w - 2. What are the prime factors of i(-1)?
2, 109
Suppose 11 = 2*j - 23. List the prime factors of j.
17
Suppose -5 = 2*s - 1. Let u be 1*(2 + s)/(-2). Suppose -2*k + 0 = 5*m + 1, u = 5*m + 15. What are the prime factors of k?
7
Let p be -21 + (-4)/(16/12). Let c = -12 - p. What are the prime factors of c?
2, 3
Let z(f) = f**3 - 2*f**2 + 2*f - 1. Let j be z(2). Suppose 193 = 5*r - 3*d, -r + j*d - 4*d = -45. What are the prime factors of r?
41
Let b be 4/(-2)*(-1)/(-2). Let g(m) = -12*m**3 - m**2. What are the prime factors of g(b)?
11
Let t(l) = -3*l**3 - l**2 + 3*l + 1. Let o be 2 + 0 + 4/(-1). What are the prime factors of t(o)?
3, 5
Suppose -5*k = -0*k + 5*x - 25, -3*x + 12 = 0. Let r = 1 + k. What are the prime factors of r?
2
Let c(g) = 2*g**2 + 2*g + 1 - g**2 - 2*g**2. Let j be c(3). What are the prime factors of j + (-2 - 16/(-2))?
2
Let p = -52 + 100. Suppose 5*t - 7 = p. List the prime factors of t.
11
Let c = 9 + 9. Let f = c - 13. What are the prime factors of f?
5
Let j(s) = 5*s. Let d(q) = 14*q. Let f(l) = -6*d(l) + 17*j(l). Suppose -2*z = -9*z + 49. What are the prime factors of f(z)?
7
Let o(j) = j**2 + 9*j + 11. Let s be o(-7). What are the prime factors of (-86)/s + 1/3?
29
Let s(f) = 2*f + 119. List the prime factors of s(25).
13
Let o(x) = -2*x - 1. Let u be o(-8). Suppose -6*c = -c - u. Suppose -3*m - 3*d - 21 = -5*m, 5*m = -c*d + 21. List the prime factors of m.
2, 3
Suppose s - 63 = 5*c - 268, -s = -5. Suppose -4*y + y = -c. List the prime factors of y.
2, 7
Let u = 53 + -8. Suppose u - 5 = 5*o. What are the prime factors of o?
2
Let s(g) = 10*g + 3. Let l be s(-2). Let z = -25 + 56. Let f = z + l. List the prime factors of f.
2, 7
Let h(q) = 2*q**2 - q - 1. Let j be h(2). Let d be (-4)/(-22) - 31/(-11). Suppose -j = d*r - 35. List the prime factors of r.
2, 5
Suppose 0*m = m - 46. List the prime factors of m.
2, 23
Let p(y) = y**3 - y + 3. Let o be p(0). Suppose -u - o*u - 8 = -4*c, 4*u = 2*c. What are the prime factors of c?
2
Let a(l) = -2*l - 12. Let q be a(-8). Let i = q + -10. Let g = i + 15. What are the prime factors of g?
3
Suppose -3*q - 3*i + 7*i + 403 = 0, 2*q = i + 277. What are the prime factors of q?
3, 47
Let w(q) = 102*q - 1. Let f be w(1). Suppose -5*d + 4*l + f = 0, -l = d + l - 23. What are the prime factors of d?
3, 7
Suppose -7 = 5*n - 47. What are the prime factors of n?
2
Suppose 4*j = 2 + 6, -5*z + 657 = j. What are the prime factors of z?
131
Let o be 0/(3/(-3) + 3). Suppose 3*n - 4*h - 36 + 4 = o, 4*h = -4*n + 80. What are the prime factors of n?
2
Suppose -5*m + 1819 = 2*r, 3 = -2*r - 3. List the prime factors of m.
5, 73
Let n(g) = -g**2 - g + 3. Let u be n(-3). Let s = u + 16. List the prime factors of s.
13
Suppose 0*a - a = -1. Suppose j = -2*j + 12, 0 = 5*q - 4*j + a. Suppose q*d - 10 = -2*d. List the prime factors of d.
2
Suppose -2*f - 2*m = 10, 3*m = -0*f - 5*f - 17. Let i be (f/(-3)*0)/(-1). What are the prime factors of -2 + 11/(1 - i)?
3
Let x = 3 - 0. Suppose -s = 3*m + 4*s - 38, -52 = -x*m + 2*s. What are the prime factors of m?
2
Suppose r = -2*r + 27. Let x(y) = 2*y + 5. What are the prime factors of x(r)?
23
Let a = -17 + 34. List the prime factors of a.
17
Let x(u) = 2*u**2 - 2*u - 1. What are the prime factors of x(5)?
3, 13
Suppose 2*m + 54 = 3*j + 15, 0 = -2*j - m + 26. Suppose n - 2*n = j. Let i = n + 22. What are the prime factors of i?
3
Suppose 2*k = -37 + 151. Let p = -33 + k. List the prime factors of p.
2, 3
Let s = 2 - 4. What are the prime factors of 4/s - (5 + -19)?
2, 3
What are the prime factors of 47 - (-3 - (-1 - -2))?
3, 17
Let g(k) = k**3 + 11*k**2 + 18*k - 7. List the prime factors of g(-8).
41
Suppose -227 = -5*k - 62. Let n be (-6)/k - (-216)/(-22). List the prime factors of 1/1 - (n - 0).
11
Suppose -185 = -3*b + 16. What are the prime factors of b?
67
Let f be 0/2 + 2*4. Suppose f*k - 3*k = 55. Suppose 0 = 3*c - 3*z + 4*z - 33,